{"id":79,"date":"2026-05-05T11:01:46","date_gmt":"2026-05-05T11:01:46","guid":{"rendered":"https:\/\/aurelio.linkasoftwp.com\/?page_id=79"},"modified":"2026-05-05T12:35:35","modified_gmt":"2026-05-05T12:35:35","slug":"prueba","status":"publish","type":"page","link":"https:\/\/aurelio.linkasoftwp.com\/?page_id=79","title":{"rendered":"Prueba"},"content":{"rendered":"\t\t<div data-elementor-type=\"wp-page\" data-elementor-id=\"79\" class=\"elementor elementor-79\">\n\t\t\t\t<div class=\"elementor-element elementor-element-29bee011 e-flex e-con-boxed e-con e-parent\" data-id=\"29bee011\" data-element_type=\"container\" data-e-type=\"container\">\n\t\t\t\t\t<div class=\"e-con-inner\">\n\t\t\t\t<div class=\"elementor-element elementor-element-5521369 elementor-widget elementor-widget-text-editor\" data-id=\"5521369\" data-element_type=\"widget\" data-e-type=\"widget\" data-widget_type=\"text-editor.default\">\n\t\t\t\t\t\t\t\t\t\n<p>Hola, esto es para ver si aparece en mi web, esto que estoy editanto con Guttenberg, debido a que parece que me aparece lo que hago con elementor<\/p>\n\n<figure data-wp-context=\"{&quot;imageId&quot;:&quot;69f9f5db399c1&quot;}\" data-wp-interactive=\"core\/image\" data-wp-key=\"69f9f5db399c1\" class=\"wp-block-image aligncenter size-full wp-duotone-magenta-yellow wp-lightbox-container\"><img fetchpriority=\"high\" decoding=\"async\" width=\"536\" height=\"402\" data-wp-class--hide=\"state.isContentHidden\" data-wp-class--show=\"state.isContentVisible\" data-wp-init=\"callbacks.setButtonStyles\" data-wp-on--click=\"actions.showLightbox\" data-wp-on--load=\"callbacks.setButtonStyles\" data-wp-on-window--resize=\"callbacks.setButtonStyles\" class=\"wp-image-50\" src=\"https:\/\/aurelio.linkasoftwp.com\/wp-content\/uploads\/2026\/05\/ASSET_MP_166385869.jpg\" alt=\"\" srcset=\"https:\/\/aurelio.linkasoftwp.com\/wp-content\/uploads\/2026\/05\/ASSET_MP_166385869.jpg 536w, https:\/\/aurelio.linkasoftwp.com\/wp-content\/uploads\/2026\/05\/ASSET_MP_166385869-300x225.jpg 300w\" sizes=\"(max-width: 536px) 100vw, 536px\" \/><button\n\t\t\tclass=\"lightbox-trigger\"\n\t\t\ttype=\"button\"\n\t\t\taria-haspopup=\"dialog\"\n\t\t\taria-label=\"Agrandar\"\n\t\t\tdata-wp-init=\"callbacks.initTriggerButton\"\n\t\t\tdata-wp-on--click=\"actions.showLightbox\"\n\t\t\tdata-wp-style--right=\"state.imageButtonRight\"\n\t\t\tdata-wp-style--top=\"state.imageButtonTop\"\n\t\t>\n\t\t\t<svg xmlns=\"http:\/\/www.w3.org\/2000\/svg\" width=\"12\" height=\"12\" fill=\"none\" viewBox=\"0 0 12 12\">\n\t\t\t\t<path fill=\"#fff\" d=\"M2 0a2 2 0 0 0-2 2v2h1.5V2a.5.5 0 0 1 .5-.5h2V0H2Zm2 10.5H2a.5.5 0 0 1-.5-.5V8H0v2a2 2 0 0 0 2 2h2v-1.5ZM8 12v-1.5h2a.5.5 0 0 0 .5-.5V8H12v2a2 2 0 0 1-2 2H8Zm2-12a2 2 0 0 1 2 2v2h-1.5V2a.5.5 0 0 0-.5-.5H8V0h2Z\" \/>\n\t\t\t<\/svg>\n\t\t<\/button><\/figure>\n\n<div class=\"wp-block-media-text is-stacked-on-mobile is-image-fill-element\">\n<figure class=\"wp-block-media-text__media\"><img decoding=\"async\" width=\"800\" height=\"800\" class=\"wp-image-51 size-full\" style=\"object-position: 50% 50%;\" src=\"https:\/\/aurelio.linkasoftwp.com\/wp-content\/uploads\/2026\/05\/s-l1200.jpg\" alt=\"\" srcset=\"https:\/\/aurelio.linkasoftwp.com\/wp-content\/uploads\/2026\/05\/s-l1200.jpg 800w, https:\/\/aurelio.linkasoftwp.com\/wp-content\/uploads\/2026\/05\/s-l1200-600x600.jpg 600w, https:\/\/aurelio.linkasoftwp.com\/wp-content\/uploads\/2026\/05\/s-l1200-300x300.jpg 300w, https:\/\/aurelio.linkasoftwp.com\/wp-content\/uploads\/2026\/05\/s-l1200-768x768.jpg 768w, https:\/\/aurelio.linkasoftwp.com\/wp-content\/uploads\/2026\/05\/s-l1200-100x100.jpg 100w, https:\/\/aurelio.linkasoftwp.com\/wp-content\/uploads\/2026\/05\/s-l1200-150x150.jpg 150w\" sizes=\"(max-width: 800px) 100vw, 800px\" \/><\/figure>\n<div class=\"wp-block-media-text__content\">\n<p>69.125 visualizaciones 6 may 2021 <a href=\"https:\/\/www.youtube.com\/playlist?list=PLXkfEu-qinp_oDEHOpynFLtIeqYDgXYv5\">CURSO B\u00c1SICO de WordPress &#8211; Crea una p\u00e1gina web desde cero PASO a PASO | 2021 | &#8211; Tutorial en Espa\u00f1ol<\/a>En esta lecci\u00f3n aprender\u00e1s a trabajar con los bloques y el editor de contenido Gutenberg. Una herramienta muy flexible para crear todo tipo de contenido. Comenzaremos viendo los bloques m\u00e1s importanteaaaaaaaaaaaaaaaaaaaaaaaaaaaaaaaaaaaaaaaaaaaaaaaaaaaaaaaaaaaaaaaaaaaaaaaaa<\/p>\n<\/div>\n<\/div>\n\n<div class=\"wp-block-columns is-layout-flex wp-container-core-columns-is-layout-28f84493 wp-block-columns-is-layout-flex\">\n<div class=\"wp-block-column is-layout-flow wp-block-column-is-layout-flow\">\n<p>sisisi<\/p>\n<\/div>\n\n<div class=\"wp-block-column is-layout-flow wp-block-column-is-layout-flow\">\n<figure class=\"wp-block-image size-large\"><img decoding=\"async\" width=\"1024\" height=\"683\" class=\"wp-image-49\" src=\"https:\/\/aurelio.linkasoftwp.com\/wp-content\/uploads\/2026\/05\/51NbBH89m1L-1024x683.jpg\" alt=\"\" srcset=\"https:\/\/aurelio.linkasoftwp.com\/wp-content\/uploads\/2026\/05\/51NbBH89m1L-1024x683.jpg 1024w, https:\/\/aurelio.linkasoftwp.com\/wp-content\/uploads\/2026\/05\/51NbBH89m1L-600x400.jpg 600w, https:\/\/aurelio.linkasoftwp.com\/wp-content\/uploads\/2026\/05\/51NbBH89m1L-768x512.jpg 768w, https:\/\/aurelio.linkasoftwp.com\/wp-content\/uploads\/2026\/05\/51NbBH89m1L-1536x1024.jpg 1536w, https:\/\/aurelio.linkasoftwp.com\/wp-content\/uploads\/2026\/05\/51NbBH89m1L-2048x1366.jpg 2048w, https:\/\/aurelio.linkasoftwp.com\/wp-content\/uploads\/2026\/05\/51NbBH89m1L-300x200.jpg 300w\" sizes=\"(max-width: 1024px) 100vw, 1024px\" \/><\/figure>\n<\/div>\n\n<div class=\"wp-block-column is-layout-flow wp-block-column-is-layout-flow\">\n<div class=\"wp-block-columns is-layout-flex wp-container-core-columns-is-layout-28f84493 wp-block-columns-is-layout-flex\">\n<div class=\"wp-block-column is-layout-flow wp-block-column-is-layout-flow\">\n<ul class=\"wp-block-list\">\n<li>aa<\/li>\n\n<li>bb<\/li>\n\n<li>cc<\/li>\n\n<li>dd<\/li>\n\n<li>\u00a0<\/li>\n<\/ul>\n<\/div>\n\n<div class=\"wp-block-column is-layout-flow wp-block-column-is-layout-flow\">\n<p>aaaaaaaaaaaaaaaaaaaaaaaaaaaaaaaaaaa<\/p>\n<\/div>\n\n<div class=\"wp-block-column is-layout-flow wp-block-column-is-layout-flow\">\u00a0<\/div>\n<\/div>\n<\/div>\n<\/div>\n\n<div class=\"wp-block-cover aligncenter is-light\"><img loading=\"lazy\" decoding=\"async\" width=\"536\" height=\"402\" class=\"wp-block-cover__image-background wp-image-60 size-full\" src=\"https:\/\/aurelio.linkasoftwp.com\/wp-content\/uploads\/ASSET_MP_166385869.jpg\" alt=\"\" data-object-fit=\"cover\" \/>\n<div class=\"wp-block-cover__inner-container is-layout-constrained wp-block-cover-is-layout-constrained\">\n<p class=\"has-text-align-center has-ast-global-color-0-color has-text-color has-link-color has-large-font-size wp-elements-9d9c4ec52b6e5a359b7b37dab680c2d0\"><strong>PS5<\/strong><\/p>\n<\/div>\n<\/div>\n\n<p>\u00a0<\/p>\n\t\t\t\t\t\t\t\t<\/div>\n\t\t\t\t\t<\/div>\n\t\t\t\t<\/div>\n\t\t\t\t<\/div>\n\t\t","protected":false},"excerpt":{"rendered":"<p>Hola, esto es para ver si aparece en mi web, esto que estoy editanto con Guttenberg, debido a que parece [&hellip;]<\/p>\n","protected":false},"author":1,"featured_media":0,"parent":0,"menu_order":0,"comment_status":"closed","ping_status":"closed","template":"","meta":{"site-sidebar-layout":"default","site-content-layout":"","ast-site-content-layout":"default","site-content-style":"default","site-sidebar-style":"default","ast-global-header-display":"","ast-banner-title-visibility":"","ast-main-header-display":"","ast-hfb-above-header-display":"","ast-hfb-below-header-display":"","ast-hfb-mobile-header-display":"","site-post-title":"","ast-breadcrumbs-content":"","ast-featured-img":"","footer-sml-layout":"","ast-disable-related-posts":"","theme-transparent-header-meta":"","adv-header-id-meta":"","stick-header-meta":"","header-above-stick-meta":"","header-main-stick-meta":"","header-below-stick-meta":"","astra-migrate-meta-layouts":"default","ast-page-background-enabled":"default","ast-page-background-meta":{"desktop":{"background-color":"var(--ast-global-color-5)","background-image":"","background-repeat":"repeat","background-position":"center center","background-size":"auto","background-attachment":"scroll","background-type":"","background-media":"","overlay-type":"","overlay-color":"","overlay-opacity":"","overlay-gradient":""},"tablet":{"background-color":"","background-image":"","background-repeat":"repeat","background-position":"center center","background-size":"auto","background-attachment":"scroll","background-type":"","background-media":"","overlay-type":"","overlay-color":"","overlay-opacity":"","overlay-gradient":""},"mobile":{"background-color":"","background-image":"","background-repeat":"repeat","background-position":"center center","background-size":"auto","background-attachment":"scroll","background-type":"","background-media":"","overlay-type":"","overlay-color":"","overlay-opacity":"","overlay-gradient":""}},"ast-content-background-meta":{"desktop":{"background-color":"var(--ast-global-color-4)","background-image":"","background-repeat":"repeat","background-position":"center center","background-size":"auto","background-attachment":"scroll","background-type":"","background-media":"","overlay-type":"","overlay-color":"","overlay-opacity":"","overlay-gradient":""},"tablet":{"background-color":"var(--ast-global-color-4)","background-image":"","background-repeat":"repeat","background-position":"center center","background-size":"auto","background-attachment":"scroll","background-type":"","background-media":"","overlay-type":"","overlay-color":"","overlay-opacity":"","overlay-gradient":""},"mobile":{"background-color":"var(--ast-global-color-4)","background-image":"","background-repeat":"repeat","background-position":"center center","background-size":"auto","background-attachment":"scroll","background-type":"","background-media":"","overlay-type":"","overlay-color":"","overlay-opacity":"","overlay-gradient":""}},"footnotes":""},"class_list":["post-79","page","type-page","status-publish","hentry"],"_links":{"self":[{"href":"https:\/\/aurelio.linkasoftwp.com\/index.php?rest_route=\/wp\/v2\/pages\/79","targetHints":{"allow":["GET"]}}],"collection":[{"href":"https:\/\/aurelio.linkasoftwp.com\/index.php?rest_route=\/wp\/v2\/pages"}],"about":[{"href":"https:\/\/aurelio.linkasoftwp.com\/index.php?rest_route=\/wp\/v2\/types\/page"}],"author":[{"embeddable":true,"href":"https:\/\/aurelio.linkasoftwp.com\/index.php?rest_route=\/wp\/v2\/users\/1"}],"replies":[{"embeddable":true,"href":"https:\/\/aurelio.linkasoftwp.com\/index.php?rest_route=%2Fwp%2Fv2%2Fcomments&post=79"}],"version-history":[{"count":8,"href":"https:\/\/aurelio.linkasoftwp.com\/index.php?rest_route=\/wp\/v2\/pages\/79\/revisions"}],"predecessor-version":[{"id":92,"href":"https:\/\/aurelio.linkasoftwp.com\/index.php?rest_route=\/wp\/v2\/pages\/79\/revisions\/92"}],"wp:attachment":[{"href":"https:\/\/aurelio.linkasoftwp.com\/index.php?rest_route=%2Fwp%2Fv2%2Fmedia&parent=79"}],"curies":[{"name":"wp","href":"https:\/\/api.w.org\/{rel}","templated":true}]}}